prime number?
True
Is 445765 prime?
False
Is 1292249 composite?
True
Is 290538427 prime?
True
Is 157031 a composite number?
True
Is 12064879 prime?
True
Is 236546729 a composite number?
False
Is 25908049 prime?
False
Is 106067631 a prime number?
False
Is 33282211 a composite number?
False
Is 1512083 prime?
True
Is 12800377 a prime number?
False
Is 2557199 a composite number?
False
Is 23508631 a composite number?
False
Is 167854261 prime?
True
Is 17874047 a composite number?
False
Is 1840261 prime?
True
Is 14893331 a composite number?
False
Is 304746287 composite?
False
Is 91229995 a prime number?
False
Is 14188879 prime?
True
Is 64687969 composite?
False
Is 2003321 a prime number?
True
Is 12144859 prime?
True
Is 170879039 composite?
False
Is 41283035 prime?
False
Is 3669043 prime?
False
Is 18807563 composite?
False
Is 10511453 a prime number?
False
Is 53127881 a prime number?
True
Is 6943841 prime?
False
Is 44778329 a composite number?
True
Is 51787339 a prime number?
False
Is 12787 a prime number?
False
Is 7712297 prime?
True
Is 126170417 composite?
True
Is 5392297 a composite number?
True
Is 449789177 a prime number?
True
Is 1493480531 a composite number?
False
Is 23310985 a composite number?
True
Is 4186501 a composite number?
True
Is 1671569 a composite number?
True
Is 61327 prime?
False
Is 6105439 prime?
True
Is 6603605 a prime number?
False
Is 43620667 a prime number?
True
Is 3437627 prime?
False
Is 990133 a composite number?
True
Is 8616653 prime?
True
Is 7877561 composite?
False
Is 18115283 prime?
False
Is 2047501 composite?
False
Is 312346919 prime?
True
Is 6728639 a prime number?
True
Is 515381549 a prime number?
True
Is 3917765 a prime number?
False
Is 477535 prime?
False
Is 27679317 composite?
True
Is 3114781 a prime number?
True
Is 1465211 a prime number?
False
Is 945320797 a prime number?
True
Is 925147 a composite number?
False
Is 132071569 a prime number?
False
Is 13902223 a prime number?
False
Is 249864289 a prime number?
True
Is 8209585 a composite number?
True
Is 291762593 prime?
True
Is 6698611 composite?
False
Is 5402363 a prime number?
False
Is 7929993 composite?
True
Is 9915769 prime?
False
Is 7988271 prime?
False
Is 6459157 prime?
True
Is 4028161 a prime number?
False
Is 11579299 prime?
False
Is 10532107 a prime number?
False
Is 217236687 prime?
False
Is 6241709 a prime number?
False
Is 239598061 composite?
True
Is 1804553 a composite number?
True
Is 924697 prime?
True
Is 19024673 composite?
False
Is 348269 composite?
False
Is 1242409 a composite number?
True
Is 20340167 a composite number?
False
Is 2357683 composite?
False
Is 13309213 composite?
False
Is 11768849 prime?
False
Is 221323826 a composite number?
True
Is 614835677 composite?
False
Is 24192281 composite?
False
Is 4451723 a prime number?
True
Is 22197299 prime?
False
Is 1277615 a composite number?
True
Is 8698073 composite?
True
Is 1890641 composite?
False
Is 349663 a composite number?
False
Is 992473 composite?
True
Is 1995023 a prime number?
True
Is 417334963 composite?
False
Is 12123239 a prime number?
True
Is 20342873 a prime number?
True
Is 52888057 a composite number?
False
Is 1080709 a composite number?
True
Is 212955679 a composite number?
True
Is 5157109 composite?
True
Is 14366497 prime?
False
Is 49535051 prime?
True
Is 2534971 prime?
True
Is 12612049 prime?
False
Is 1459882 prime?
False
Is 1336307 prime?
False
Is 21646663 composite?
True
Is 86455559 composite?
True
Is 741944177 a composite number?
True
Is 10386503 a prime number?
True
Is 166063 a composite number?
False
Is 86505847 a composite number?
False
Is 684202 composite?
True
Is 7619853 composite?
True
Is 17376715 a composite number?
True
Is 59180673 composite?
True
Is 28974551 prime?
False
Is 1264319 a composite number?
True
Is 156122899 composite?
False
Is 14413211 a composite number?
True
Is 2456939 a prime number?
True
Is 752887 a composite number?
True
Is 76056117 a composite number?
True
Is 287313377 prime?
False
Is 3130733 a composite number?
False
Is 772522678 a composite number?
True
Is 4665727 a composite number?
True
Is 44616091 prime?
False
Is 15348967 a composite number?
False
Is 7853291 composite?
False
Is 9941057 a composite number?
True
Is 2016787 composite?
False
Is 943499 a composite number?
False
Is 7696487 prime?
False
Is 233521 a composite number?
True
Is 684200281 prime?
True
Is 222528997 a composite number?
True
Is 5680877 prime?
True
Is 28782473 composite?
True
Is 71749 composite?
True
Is 6435797 a prime number?
True
Is 3491069 a composite number?
True
Is 13546877 a composite number?
False
Is 8718659 composite?
True
Is 47087 a prime number?
True
Is 399239 a prime number?
True
Is 111563267 composite?
True
Is 120852047 a composite number?
False
Is 1482163 prime?
True
Is 300534923 a composite number?
True
Is 405835583 composite?
False
Is 6763681 a prime number?
True
Is 131638901 composite?
True
Is 11868451 a prime number?
False
Is 104479 composite?
False
Is 2203861 a prime number?
False
Is 1628986 composite?
True
Is 17881 prime?
True
Is 30636041 a composite number?
False
Is 107321147 composite?
False
Is 15583319 a prime number?
True
Is 21115111 a prime number?
False
Is 120997837 a prime number?
True
Is 1275961 a composite number?
True
Is 352657997 prime?
True
Is 14310541 composite?
True
Is 78866231 a prime number?
True
Is 947707 composite?
False
Is 93794171 composite?
True
Is 12559417 a prime number?
False
Is 119751239 prime?
True
Is 2302043 composite?
False
Is 1313141 a composite number?
False
Is 8860993 a composite number?
False
Is 48416729 prime?
True
Is 6310217 prime?
True
Is 1813643 a prime number?
False
Is 2618795 prime?
False
Is 247470017 a prime number?
True
Is 24499823 a composite number?
True
Is 2539951 a composite number?
False
Is 12129059 a composite number?
False
Is 129549037 composite?
False
Is 32955107 a composite number?
True
Is 19384027 a prime number?
False
Is 4400867 composite?
True
Is 7538321 prime?
False
Is 207910533 prime?
False
Is 19381267 composite?
False
Is 174714209 a prime number?
False
Is 43139163 prime?
False
Is 1480067 a prime number?
True
Is 496207 a prime number?
False
Is 60118 prime?
False
Is 44242021 prime?
True
Is 48515879 composite?
True
Is 170380181 a composite number?
False
Is 921901 prime?
True
Is 2891753 a composite number?
True
Is 1828961 prime?
False
Is 41990189 prime?
True
Is 118310345 composite?
True
Is 8977001 a composite number?
True
Is 73351949 composite?
True
Is 163582667 prime?
True
Is 10079021 composite?
False
Is 5656295 a prime number?
False
Is 1078282 prime?
False
Is 1219229371 a prime number?
True
Is 12834737 composite?
False
Is 3141301 a composite number?
True
Is 32655391 a prime number?
True
Is 241477 a composite number?
True
Is 594012901 prime?
True
Is 433398137 prime?
True
Is 4424621 prime?
True
Is 19955539 composite?
False
Is 994223591 prime?
True
Is 539089 prime?
True
Is 323387 a composite number?
True
Is 548595001 a composite number?
True
Is 475207 a composite number?
False
Is 14392955 prime?
False
Is 793931249 prime?
True
Is 100145077 a composite number?
False
Is 2508481 a composite number?
False
Is 676573 a prime number?
True
Is 212856019 a prime number?
False
Is 40126361 prime?
False
Is 93149809 a composite number?
False
Is 158459027 a composite number?
True
Is 6514489 a composite number?
False
Is 69369385 composite?
True
Is 445763753 a composite number?
True
Is 34630247 composite?
False
Is 11767109 a prime number?
True
Is 97135691 a composite number?
False
Is 13084417 a composite number?
False
Is 15182729 a composite number?
True
Is 1927187 prime?
True
Is 12223613 composite?
False
Is 62629205 prime?
False
Is 2181359 prime?
True
Is 8065787 composite?
True
Is 100627963 composite?
False
Is 10766929 composite?
True
Is 897706 composite?
True
Is 47879237 composite?
True
Is 2820359 a prime number?
True
Is 240257 a composite number?
False
Is 182499149 a composite number?
True
Is 23239303 a prime number?
True
Is 52914899 a composite number?
True
Is 174389 prime?
True
Is 33324743 composite?
True
Is 261862973 prime?
True
Is 31166987 composite?
True
Is 28190977 prime?
False
Is 39203651 prime?
True
Is 442783 a prime number?
False
Is 5042342 composite?
True
Is 59687009 a composite number?
False
Is 13527269 a prime nu